is -5 + 10 - (2 - -4)?
-1
What is -1 - (2 - (4 - 4))?
-3
(6 - 8) + 1 - -7
6
Evaluate (3 - (7 - -3)) + 10 + -8.
-5
What is the value of -3 + (19 - ((-2 - 6) + 17))?
7
What is the value of -1 - (4 - -4 - 13)?
4
Evaluate -3 - (-1 - 4 - 2).
4
Evaluate (1 - 2) + 2 + -5.
-4
Calculate 5 + 1 + -18 + 10.
-2
Calculate -2 + (0 - (1 + 1)).
-4
What is -6 + 1 + 0 + -2 + 4?
-3
What is (-5 - 0) + (8 - (5 + -1))?
-1
-8 + (1 - -4) - 2
-5
What is the value of 6 + (-4 - 10) - -15?
7
Evaluate 10 + -5 - (3 + -3 + 1).
4
What is the value of -7 + 3 + (4 - 1) + -2?
-3
What is 8 + -3 + 1 + (-7 - -2)?
1
What is 1 + (-4 - (-5 - -4))?
-2
What is 19 - 21 - (3 - 0)?
-5
Evaluate 10 - ((-2 - 2) + 8).
6
Calculate (-3 - -2) + 6 + -1 + 1.
5
What is the value of -3 + (-4 + 9 - 9)?
-7
What is -5 - (1 - (0 - -3))?
-3
What is -3 - -5 - (-3 + -3 + 7)?
1
Evaluate 3 + -4 + 2 + 3.
4
42 + -40 + 1 + -3
0
Evaluate 4 + (-5 - (-8 + 6 + -2)).
3
Evaluate -6 + 8 + (1 - (-1 + 0)).
4
What is -4 - -5 - (-3 - (0 + -4))?
0
Evaluate 5 - (6 + (-4 - 4) - -7).
0
Evaluate -1 + 3 - -4 - 8.
-2
Evaluate -12 + 16 + (-7 - -3).
0
What is (-3 - -3) + (6 - (-3 - -4))?
5
Evaluate 7 - (4 - (0 - 6)).
-3
What is the value of -1 + 2 + (0 + 1 - 3)?
-1
What is 7 + 3 + -14 - (0 + -9)?
5
Evaluate -4 - -1 - 1 - -6 - 1.
1
What is 18 + -16 + 2 + -3?
1
Calculate -3 - (-4 + 5 - 4 - -3).
-3
5 + 2 + -18 + 6 + 0
-5
Evaluate 2 - (-2 - (-2 - 1)).
1
What is 3 + (-2 - (-6 + 3))?
4
Calculate -29 + 27 - (0 + -1).
-1
(2 - (2 - 1)) + (-8 - -4)
-3
Evaluate 0 + -12 + (324 - 309).
3
What is (0 - (9 - 5)) + 1 - 1?
-4
What is 2 + 2 - (-4 + 5)?
3
2 + (0 - -2) - 0
4
What is the value of 3 + 0 + -1 - -2?
4
What is -1 - (3 - (1 + -4 + 3))?
-4
What is 9 - (-12 - (-12 - 11))?
-2
What is the value of 1 + -2 + -2 - 1?
-4
Evaluate (7 - 12 - -3) + 5.
3
Calculate (-26 - -26) + 1 + 2.
3
What is the value of (-4 - -16) + (-12 - -6)?
6
What is the value of (-16 - (-13 + 7)) + 10?
0
What is the value of (0 - (6 + -6)) + 4?
4
Calculate -4 - (10 - (10 - (1 - -3))).
-8
What is the value of (-4 - 0) + (8 - 7)?
-3
What is 0 - 0 - (3 + -4 + 4)?
-3
Evaluate (7 - 2) + (-14 - -7).
-2
Evaluate -3 - ((-17 - (-3 - -1)) + 6).
6
Calculate 7 - (5 + (6 - 4)).
0
Evaluate (5 - (-2 + 1)) + (292 - 291).
7
Evaluate -3 + -11 - (-7 + 0) - -11.
4
(-1 - -3) + -7 + -1 + 2
-4
6 - (-28 - -22 - (-5 - 1))
6
What is -1 + (-6 - 0 - -3)?
-4
Evaluate (6 - (-3 - -2)) + -2 + -2.
3
6 + -7 + 4 + -1
2
Calculate -1 + 8 + (-5 - -2) + -6.
-2
What is the value of (12 - 14) + (-1 - 0)?
-3
Evaluate -6 + -13 - -12 - -12.
5
Calculate 1 + -1 - (-11 - -11) - -1.
1
What is the value of 1 - 0 - (1 + 0 + 4)?
-4
Calculate -3 + 3 - (-1 - (-3 + 4)).
2
4 - (-4 - (5 - 10) - -1)
2
Evaluate 17 - (12 + -4 + 2).
7
Calculate (0 - 1) + 1 - (-1 + 1).
0
Evaluate -4 - ((3 - 1) + -7).
1
What is 4 + -4 + (-3 - -5)?
2
Evaluate -5 - (4 - (0 - -8)).
-1
Calculate 2 - ((15 - 6) + 0 + -5).
-2
Evaluate 7 + -6 + (2 - 6).
-3
What is 9 - (-5 - (0 - 10))?
4
What is the value of (11 - (-14 + 16)) + -1?
8
What is -1 + 1 + 4 + -1 + -5?
-2
What is the value of 12 - 13 - (1 + -4)?
2
What is the value of (6 - 0) + (-9 - (4 + -13))?
6
What is (5 - (5 - -6)) + 1 + 9?
4
(2 + -3 - (-1 + 2)) + 1
-1
What is -10 + 19 - (5 + -2)?
6
What is -3 + 7 + -5 + -3?
-4
Calculate 17 - (9 + -3) - (6 + -1).
6
What is -14 - (-12 - (-3 - -13))?
8
What is (1 - 1) + 2 - (1 + 5)?
-4
What is the value of (41 - 42) + (0 - (-4 + 2))?
1
Evaluate 1 + (-6 - -2 - (-8 - -6)).
-1
1 + (6 - 7) + (4 - 0)
4
What is the value of 6 + (9 + -7 - 9 - -3)?
2
Calculate 20 + (-3 - 5) + -6.
6
What is 5 - (3 - 3 - (-2 + 1))?
4
Evaluate -2 + 9 + (-3 - 3).
1
What is the value of -5 + 2 + -2 - -1?
-4
What is -2 + (2 - (3 + -4))?
1
What is the value of 1 + 0 + 2 - (-2 + 10)?
-5
Evaluate -15 + -1 + (3 - -5).
-8
(-63 - -55) + -1 + 14
5
What is 6 + (-3 - -2) - 2?
3
What is the value of (1 - (-2 + -2)) + -1 - 2?
2
What is (4 - 11) + 7 - (-4 - -1)?
3
1 + 1 + 3 + -7 - -5
3
What is the value of (15 - 4) + (6 - 20)?
-3
What is 4 + (-2 - -4) - 5?
1
9 + 4 - (7 - 2)
8
1 - (-1 + (0 - (2 + -3)))
1
-5 - (-3 + -5 - (-4 + 3))
2
What is 3 + (2 + (-7 - -3) - 0)?
1
Calculate 8 - 2 - (-29 + 39).
-4
Evaluate -3 + -4 + -4 + 6.
-5
Calculate -2 - 1 - ((2 - 6) + -1).
2
Evaluate (-1 - 2) + (-64 - -60) - -7.
0
Calculate -1 - (-3 - (4 + 0)).
6
What is -3 - (-5 + -1 - (6 + -9))?
0
4 + (3 - -5) - 9
3
(1 - 9) + (5 - 12 - -6)
-9
What is the value of (0 - (0 + -5)) + -3?
2
Evaluate 3 + -4 + -34 + 41.
6
What is (-3 - 1) + -81 + 81?
-4
What is (-1 - 1) + 11 + (2 - 9)?
2
Evaluate 4 - (3 + -5) - (-9 + 9).
6
Evaluate -8 + 2 - (3 + -7).
-2
Calculate -4 + -6 + 2 + 2 + 11.
5
What is 0 + -1 + 7 + -8?
-2
Evaluate (0 - -2) + -1 + 3.
4
Calculate 2 - (15 + -12 + -1).
0
-1 + -4 + 7 - (2 + -3)
3
4 - 3 - (-29 - -27)
3
Calculate 3 + 2 + -6 + 6 + -2.
3
Calculate (2 - (3 + 1 - 2)) + -3.
-3
Calculate 138 + -137 + (-12 - -1).
-10
What is (2 - (0 + 7 + -9)) + 5?
9
What is -1 + 4 + 20 + -20?
3
What is -5 + 5 - (4 - 4)?
0
Calculate -2 - -2 - (-1 + (5 - 2)).
-2
What is the value of (-2 + 6 - -1) + (-1 - 1)?
3
1 + -2 + (5 - -6)
10
Evaluate 4 + (11 - 8) + 2 + -2.
7
Calculate (11 - 1) + -5 + -3.
2
Evaluate (8 - 5) + -1 + 3.
5
Evaluate 2 + -1 + -1 + (7 - 3).
4
Evaluate -2 - -1 - 1 - (-5 - -7).
-4
Evaluate -5 - (-7 + 1 - -3).
-2
6 + 3 + -5 + -4
0
What is the value of 2 + (-5 - 0) - (-2 + -6)?
5
Evaluate -3 - (-2 + 4 + -4).
-1
Calculate -7 + -4 + 4 + 6.
-1
What is 0 - ((-1 - 0) + (-10 - -8))?
3
4 - (-6 - (4 + -4) - -5)
5
14 - (-6 + (10 - -4))
6
Calculate (0 - (4 - 1)) + 3.
0
(9 - 6) + (0 - 6) + 0
-3
What is (-1 - (-7 - -3)) + (1 - 1)?
3
Calculate 13 + -7 - (2 - -3).
1
Calculate -1 + -2 + (22 - (2 - -13)).
4
Evaluate -6 + 5 + -3 + -6.
-10
Calculate 7 - (-8 - (-3 + -8)).
4
Calculate -7 + 7 + 0 + -5 + 4.
-1
Evaluate -12 - (-10 + 9 - 11).
0
-2 + (0 - 1) + -56 + 48
-11
What is the value of 2 + 0 - (-7 - -4)?
5
What is the value of -6 - ((-6 - 7 - -5) + 1)?
1
What is -6 - (2 + -6 + 3)?
-5
6 - (-2 + (14 - (4 - -2)))
0
What is the value of 2 + -3 + 1 + (-12 - -13)?
1
Calculate 3 + (6 - (9 - 5)).
5
Calculate (1 - 6) + 14 + 16 + -21.
4
What is the value of 1 - -2 - (0 - (-11 - -3))?
-5
Calculate -5 + 11 + (0 - (3 - 1)).
4
-3 + (4 - 7) - (-3 - -2)
-5
Calculate (9 - 1) + (-5 + -3 - -4).
4
Evaluate -4 + (5 - -5) + -2.
4
(-2 - -8) + -4 + -1
1
Calculate -8 + 6 + 4 + -1 + 1.
2
Calculate 11 + -3 + -3 - 11.
-6
What is the value of -1 - 0 - -4 - -1 - 1?
3
What is -8 + 10 + -7 + 2?
-3
Evaluate 7 + -5 + 3 + -2.
3
What is the value of 1 - (1 - (5 - 0))?
5
What is 8 + (2 - 5) + (-1 - -1)?
5
What is the value of -3 - ((2 - -6) + -2 + -7)?
-2
What is the value of -1 + 3 + 5 - (-78 - -86)?
-1
Calculate 278 + -275 + -11 + -1.
-9
What is the value of (-1 - 2) + (-8 - -12) - 3?
-2
What is 5 + -7 + 4 - -2?
4
Evaluate (-2 - (-3 + 3)) + 3.
1
What is -11 + -4 + 6 + 7 + -3?
-5
-9 - -1 - 1 - (15 - 19)
-5
What is the value of -11 + 4 + -5 - -5?
-7
Evaluate 10 + -13 - -5 - (1 + 4).
-3
Calculate 1 + -3 + -1 + -2.
-5
Calculate 22 + -17 - (9 - 0).
-4
Evaluate (-5 - (-4 - 4)) + 1.
4
Calculate (5 + -6 - -3) + (-1 - 2).
-1
What is the value of -10 - -10 - (6 + (5 - 3))?
-8
What is 1 - (3 - 7 - -1)?
4
What is the value of 6 - (3 + -4 - (4 + -9))?
2
What is the value of -5 + 9 + (-4 - 3 - -1)?
-2
Calculate -5 + -1 - (-23 + 1 + 17).
-1
7 + -1 + 0 + (-5 - -1)
2
Evaluate 2 - (7 + -4) - (-3 + -4).
6
What is the value of 2 + (-3 - -1 - 0) + 5?
5
What is (0 + -7 + 5 - 12) + 7?
-7
What is (4 - -1) + -6 - 0?
-1
3 - (12 + -3 + -3)
-3
Evaluate 4 + 1 - (5 + 8 + -3).
-5
Calculate 0 - -5 - 3 - 5.
-3
What is the value of (-35 - -35) + (0 + 1 - 7)?
-6
What is -2 - (0 - -4) - -3?
-3
What is the value of 1 - (2 + -6 + 8 - 4)?
1
(2 - 6) + 12 + -7 + 5
6
12 + (-22 - -5) + 7
2
15 + -6 + (1 - 6)
4
What is the value of (2 - -1 - 1) + (3 - 0)?
5
(-1 - -3) + (-7 - (12 - 14))
-3
Calculate -8 - -8 - -1 - (1 + 1).
-1
6 - (6 - (-1 + 2 + 0))
1
Evaluate -3 - 0 - (0 - (-2 - -9)).
4
What is the value of 4 + 0 + 3 + (1 - 3)?
5
What is -4 + (-1 - (4 - 11))?
2
-1 - -7 - (11 - 4)
-1
What is the value of -13 + 1 + 18 - 3?
3
Calculate (3 + -5 - -4) + -2.
0
What is the value of -6 + 8 + (2 - 4 - 2)?
-2
What is (-1 - -17 - 14) + -1 + -1?
0
0 + (0 - (0 - (-4 - -2)))
-2
Calculate (-8 + 4 - -2) + 4.
2
-1 + 1 + 5 + 0
5
What is the value